ded by r(-7)?
11
Let w(r) = -r**2 + 9*r - 3. Let f be w(8). Suppose -3*o + f*m = -309, -o + 2*o - m - 101 = 0. Calculate the remainder when o is divided by 25.
23
Let u be (-4)/(-14) - 1640/56. Let v = 60 + u. Calculate the remainder when 121 is divided by v.
28
Suppose -4*u + 194 = 3*k, -2*k + 4*u = 38 - 134. What is the remainder when k is divided by 20?
18
Let l = 22 - 32. Let i = l - -30. Calculate the remainder when 1 - 1 - (-40 + 1) is divided by i.
19
Let f(d) = -d**2 - 4*d + 4. Suppose 0 = 4*k - g - 10, 4*g - 1 = 7. Calculate the remainder when f(-4) is divided by k.
1
Let c(x) = -x**2 - 5. Let z be c(0). Calculate the remainder when 2/4*(-230)/z is divided by 12.
11
Let d be (1 - -5)*(-172)/(-6). Suppose -163 = -5*k + d. What is the remainder when k is divided by 17?
16
Suppose -3*l + 4*n + 10 = 0, 4*n = -3*l + 4*l - 14. Let i(d) = 6*d**2 + d - 2. What is the remainder when i(l) is divided by 6?
2
Suppose -l = 4*u - 26, 2*u - 23 + 7 = -l. Suppose l*g - 36 = 2*g. Calculate the remainder when 26 is divided by g.
8
Suppose 0*b - 4*b + 16 = 5*r, -4*r - 16 = -4*b. What is the remainder when 330/b*(-4)/(-6) is divided by 14?
13
Let z = -25 - -25. Suppose -50 = -q - z*q. What is the remainder when q is divided by 17?
16
Suppose -f + 4*h + 54 = -0*f, 4*f = 5*h + 194. What is the remainder when f is divided by 8?
6
Let r(t) = t**2. Calculate the remainder when 99 is divided by r(5).
24
Let i(y) = -y + 5. Let w be i(3). Let z = 5 - -5. What is the remainder when z is divided by w + -3 - (-15)/3?
2
Let l(o) = o**3 + 5*o**2 - 2*o + 5. Let c be l(-5). Let n be (-3 + -7)/((-2)/c). Suppose 0 = z + 2*z - n. What is the remainder when z is divided by 9?
7
Calculate the remainder when ((-4)/(-6))/(16/2376) is divided by 29.
12
Let w(k) = -4*k - 2. Let o(x) = 35*x. Calculate the remainder when o(1) is divided by w(-5).
17
Let c(w) = -w**3 + 5*w**2 + 5*w + 2. What is the remainder when c(-3) is divided by 20?
19
Let k(w) = 4*w**2 - w. What is the remainder when 55 is divided by k(2)?
13
Let q = 313 - 188. Let v = -68 + q. Calculate the remainder when v is divided by 20.
17
Suppose 0 = -2*g + 2*d + 38, 0 = -2*d - 0 - 6. What is the remainder when 46 is divided by g?
14
Let p = 59 + 34. Let x = -60 + p. Calculate the remainder when x is divided by 9.
6
Let j be -2 - (-3 + -4 + 7). What is the remainder when (-172)/(-5) - (-4)/(-10) is divided by 16 + 8/(-4) + j?
10
Let a = 73 + -29. Let v = a - 30. Calculate the remainder when 40 is divided by v.
12
Let a(i) = i + 8. Let n be a(-6). Suppose -4*b - n*t - 3*t + 165 = 0, 3*b + 4*t = 124. Suppose 3*g - 20 = b. What is the remainder when g is divided by 11?
9
Suppose -3*c - j + 90 = 0, -3*c + 6*c - 2*j - 90 = 0. Calculate the remainder when c is divided by 12.
6
Suppose 2*p = 26 + 8. Suppose -p = -b + 5*h + 5, -4*b = -h - 12. Calculate the remainder when 19 is divided by 5 - ((-4)/b + 2).
4
Let y(h) = -7*h**3 + 2*h**2 - 2. Let i(x) = x**2 - x. Let m(c) = 3*i(c) - y(c). Calculate the remainder when m(2) is divided by 19.
18
Suppose -7*r = -9*r + 30. What is the remainder when r is divided by 7 - 2 - (3 - 2)?
3
Let p(f) = 2*f - 9. Let r(s) = s**3 - 13*s**2 + 8. Let b be r(13). What is the remainder when 25 is divided by p(b)?
4
Suppose -5*s + 3*s + 60 = -2*t, 5*s = 3*t + 144. Calculate the remainder when 107 is divided by s.
26
Suppose 3*u - 37 = 2*u. Let q = u + -23. What is the remainder when 27 is divided by q?
13
Let k(j) = j**2 + 14*j - 4. Calculate the remainder when 29 is divided by k(-15).
7
What is the remainder when 1/(1 - (-756)/(-762)) is divided by 44?
39
Suppose 2 = -s - f, -4*f + 9 = -3*s + 38. Calculate the remainder when 5 is divided by s.
2
Suppose 6*t - 47 = 115. Calculate the remainder when t is divided by 15.
12
Suppose 0 = 4*q - 13 + 5, -5*q + 10 = 5*r. Suppose 4*v - 20 = -r*v. Let c = -3 - -6. Calculate the remainder when v is divided by c.
2
Calculate the remainder when 19 is divided by 1*1/(-1)*-4.
3
Suppose 8*v = 4*l + 5*v - 48, 40 = 4*l - 5*v. What is the remainder when 58 is divided by l?
13
Suppose -4*h + c - 4 = 0, h = -3*h - 3*c - 4. Let f = 3 + h. Suppose 2*v + 2 = 3*v. What is the remainder when f is divided by v?
0
Suppose 0 = 7*a - 612 - 221. Calculate the remainder when a is divided by 30.
29
Suppose 0 = -4*t + 12 - 0. Let v = t + 2. Let j = 17 + v. What is the remainder when j is divided by 8?
6
Suppose -u - 4 = -4*n, -5*u = -u + 5*n - 5. What is the remainder when 0 + u/2 - -22 is divided by 8?
6
Let o = -73 + 111. What is the remainder when o is divided by (-2)/(-3) - 74/(-6)?
12
Suppose 4*f + 133 = -3*f. Let o = -7 - f. Calculate the remainder when -60*((-18)/8)/3 is divided by o.
9
Let h = 178 - 131. Calculate the remainder when h is divided by 25.
22
Suppose 0 = -w + 13 + 7. Suppose 2 = 2*f + 5*n, 63 = 2*f + 3*f - 2*n. What is the remainder when w is divided by f?
9
Let r(h) = -h**3 - h + 62. Let y be r(0). Suppose -4*o + 114 = -y. Calculate the remainder when o is divided by 15.
14
Let i = 664 - 250. Let c = i - 295. Suppose 3*p - 30 = p + 4*o, -5*p + c = o. Calculate the remainder when p is divided by 8.
7
Suppose 0*m = -3*m + 189. Suppose 3*j - m = -2*c - 2*j, -5*c + j = -117. Suppose -c = 4*u - 64. What is the remainder when 19 is divided by u?
9
Suppose f = 6*f + 2*l + 14, -4*l - 8 = 0. Suppose 5*y - 6*y + 18 = 0. Calculate the remainder when f + 3 - (2 - 36) is divided by y.
17
Let f(w) = -w. Let n(l) = -3*l + 22. Let q(h) = -4*f(h) + n(h). What is the remainder when q(-9) is divided by 5?
3
Let i be (1 - 214/10)*5. Let a = i - -227. Suppose 2*n - 5*h + 27 - a = 0, -n - h = -49. Calculate the remainder when n is divided by 17.
15
Let i(d) be the second derivative of d**3/2 - d**2/2 + 3*d. Calculate the remainder when i(4) is divided by 3.
2
Suppose 12*p = 7*p + 10. Calculate the remainder when p is divided by 2.
0
Suppose 8 = 3*w - 7*v + 3*v, 2*w - 2*v - 8 = 0. Let c(m) = -m**3 + 8*m**2 + 2. What is the remainder when 2 is divided by c(w)?
0
Suppose 52 - 272 = -5*t. Calculate the remainder when t is divided by 0*3/12 + 23.
21
Let w(i) be the first derivative of i**3/3 - 5*i**2 - 9*i - 1. Calculate the remainder when w(-7) is divided by 28.
26
Let v be (2 - 3)/(1/(-7)). Suppose 2 = k - v. What is the remainder when ((-2)/3)/(4/(-150)) is divided by k?
7
Let x = 6 + -2. Suppose 0 = 2*g - x*g + 8. Suppose 3*o - 51 = -0*o - 2*k, -5*o - g*k = -85. Calculate the remainder when o is divided by 9.
8
Let s(m) = 40*m**2 - 1. What is the remainder when s(2) is divided by 32?
31
Suppose w - 5*z + 9 = 41, -5*z = -4*w + 98. Let p = w + -7. What is the remainder when p is divided by 8?
7
Suppose 0 = -2*i - 5*j - 7, -2*i - 2*j - 8 = 2*j. Let r(h) = h**2 - h - 3. Let p be r(3). Calculate the remainder when 26 is divided by 34/4 - p/i.
8
Suppose 3*t = -c - 110 - 5, 1 = -c. Let z = 87 + t. Suppose i + 17 - z = 0. What is the remainder when i is divided by 11?
10
Suppose 2*l = 5*g - 10*g + 46, -2*l + 22 = 2*g. Calculate the remainder when 12 is divided by g.
4
Suppose z + 0 = -4*h + 4, z - h = 4. Let k = 9 - z. Suppose -2*w + k*w - 9 = 0. What is the remainder when w is divided by 2?
1
Let r = -8 + 43. Suppose -2*q + 25 = -11. Calculate the remainder when r is divided by q.
17
Suppose 0 = 3*f + f - 12. Suppose 2*r - 84 = -2*y, -f*y = -4*y - 3*r + 38. What is the remainder when y is divided by 15?
14
Let k(f) = -f**2 - 6*f + 7. Let t be k(-7). Let g = 3 - t. Let h(d) = d**2 + 2*d - 4. What is the remainder when 21 is divided by h(g)?
10
Let s(t) = 3*t - 12. What is the remainder when 34 is divided by s(7)?
7
Suppose -14 = -0*g - g. Calculate the remainder when 232/6 - (-10)/(-15) is divided by g.
10
Let i = 37 + -20. Let y(q) = -q**3 + 7*q**2 - 5*q. Calculate the remainder when i is divided by y(6).
5
Suppose -65 = -r + 17. What is the remainder when r is divided by 17?
14
Calculate the remainder when 73 is divided by (-295)/(-15) - (-4)/(-6).
16
Suppose -u + 138 - 35 = 0. What is the remainder when u is divided by 13?
12
Let d(c) be the third derivative of -9*c**6/40 - c**5/30 + c**3/6 - 9*c**2. What is the remainder when d(-1) is divided by 10?
6
Let d = -62 + 87. Calculate the remainder when 122 is divided by d.
22
What is the remainder when 27 is divided by 15/10*6 - (4 + 0)?
2